753?
7
What is the units digit of 118712?
2
What is the hundred thousands digit of 976794?
9
What is the ten thousands digit of 638150?
3
What is the hundreds digit of 1428894?
8
What is the units digit of 4472505?
5
What is the tens digit of 152452?
5
What is the hundred thousands digit of 1382181?
3
What is the tens digit of 1836495?
9
What is the hundreds digit of 4239106?
1
What is the ten thousands digit of 184642?
8
What is the hundred thousands digit of 222578?
2
What is the millions digit of 2493854?
2
What is the thousands digit of 8164671?
4
What is the tens digit of 265632?
3
What is the hundred thousands digit of 168345?
1
What is the hundred thousands digit of 339811?
3
What is the hundreds digit of 951609?
6
What is the tens digit of 371927?
2
What is the millions digit of 1032441?
1
What is the thousands digit of 23212955?
2
What is the hundreds digit of 2393862?
8
What is the ten thousands digit of 4263718?
6
What is the tens digit of 521860?
6
What is the ten thousands digit of 9101996?
0
What is the units digit of 6577?
7
What is the thousands digit of 2019224?
9
What is the hundred thousands digit of 673218?
6
What is the hundred thousands digit of 11550641?
5
What is the ten thousands digit of 8064799?
6
What is the millions digit of 2707326?
2
What is the units digit of 9564824?
4
What is the tens digit of 321084?
8
What is the tens digit of 28681?
8
What is the hundreds digit of 710927?
9
What is the thousands digit of 2080970?
0
What is the tens digit of 311907?
0
What is the tens digit of 54946?
4
What is the ten thousands digit of 95662?
9
What is the millions digit of 4054013?
4
What is the hundred thousands digit of 7355086?
3
What is the tens digit of 114038?
3
What is the hundred thousands digit of 882685?
8
What is the units digit of 7239240?
0
What is the tens digit of 38923?
2
What is the tens digit of 230449?
4
What is the hundreds digit of 386599?
5
What is the units digit of 2835248?
8
What is the thousands digit of 2844880?
4
What is the hundred thousands digit of 545774?
5
What is the thousands digit of 192291?
2
What is the units digit of 3843806?
6
What is the thousands digit of 1852830?
2
What is the units digit of 2796602?
2
What is the thousands digit of 1621041?
1
What is the hundreds digit of 11903986?
9
What is the hundreds digit of 245721?
7
What is the units digit of 368165?
5
What is the hundred thousands digit of 293517?
2
What is the hundreds digit of 2578919?
9
What is the hundred thousands digit of 6647196?
6
What is the hundreds digit of 1076708?
7
What is the hundreds digit of 379993?
9
What is the ten thousands digit of 331334?
3
What is the hundred thousands digit of 2990297?
9
What is the thousands digit of 3414215?
4
What is the units digit of 415980?
0
What is the ten thousands digit of 102694?
0
What is the tens digit of 2039999?
9
What is the ten thousands digit of 45752?
4
What is the tens digit of 937926?
2
What is the hundred thousands digit of 847488?
8
What is the ten thousands digit of 171613?
7
What is the units digit of 307312?
2
What is the hundreds digit of 15554?
5
What is the tens digit of 89581?
8
What is the units digit of 323231?
1
What is the tens digit of 2142305?
0
What is the hundreds digit of 3224988?
9
What is the thousands digit of 204575?
4
What is the tens digit of 28673?
7
What is the thousands digit of 3854980?
4
What is the hundreds digit of 16704012?
0
What is the ten thousands digit of 1227596?
2
What is the millions digit of 8893132?
8
What is the units digit of 1373955?
5
What is the tens digit of 339748?
4
What is the thousands digit of 842262?
2
What is the hundred thousands digit of 5710067?
7
What is the hundreds digit of 268898?
8
What is the tens digit of 1019094?
9
What is the hundred thousands digit of 134907?
1
What is the hundreds digit of 192002?
0
What is the units digit of 74631?
1
What is the tens digit of 11275717?
1
What is the thousands digit of 4536162?
6
What is the units digit of 809965?
5
What is the units digit of 2374283?
3
What is the ten thousands digit of 1151404?
5
What is the thousands digit of 2050903?
0
What is the thousands digit of 61203?
1
What is the hundred thousands digit of 369566?
3
What is the units digit of 2395739?
9
What is the units digit of 899940?
0
What is the hundred thousands digit of 2233993?
2
What is the units digit of 864257?
7
What is the hundred thousands digit of 2941796?
9
What is the hundreds digit of 10914235?
2
What is the hundreds digit of 19860063?
0
What is the units digit of 2526517?
7
What is the ten thousands digit of 151846?
5
What is the ten thousands digit of 181566?
8
What is the hundreds digit of 11929369?
3
What is the hundreds digit of 341647?
6
What is the units digit of 369147?
7
What is the units digit of 1064016?
6
What is the thousands digit of 867686?
7
What is the ten millions digit of 14192198?
1
What is the ten thousands digit of 16190542?
9
What is the hundred thousands digit of 962169?
9
What is the ten thousands digit of 219835?
1
What is the tens digit of 497397?
9
What is the tens digit of 25735237?
3
What is the ten thousands digit of 3390682?
9
What is the tens digit of 23085933?
3
What is the hundreds digit of 103412?
4
What is the units digit of 4569942?
2
What is the units digit of 239367?
7
What is the units digit of 12831678?
8
What is the hundreds digit of 119248?
2
What is the hundreds digit of 26045094?
0
What is the hundred thousands digit of 777395?
7
What is the ten thousands digit of 939557?
3
What is the hundred thousands digit of 18327490?
3
What is the units digit of 390051?
1
What is the hundreds digit of 1295996?
9
What is the hundred thousands digit of 513936?
5
What is the ten thousands digit of 987490?
8
What is the units digit of 7355834?
4
What is the tens digit of 1102717?
1
What is the ten thousands digit of 2973822?
7
What is the ten millions digit of 23503328?
2
What is the thousands digit of 947059?
7
What is the hundred thousands digit of 23689067?
6
What is the hundreds digit of 778750?
7
What is the hundreds digit of 8724522?
5
What is the units digit of 776033?
3
What is the ten thousands digit of 391003?
9
What is the thousands digit of 1549926?
9
What is the hundreds digit of 435636?
6
What is the hundreds digit of 10457212?
2
What is the ten thousands digit of 19605690?
0
What is the millions digit of 28963497?
8
What is the hundreds digit of 11461922?
9
What is the ten thousands digit of 642573?
4
What is the ten thousands digit of 296841?
9
What is the thousands digit of 967539?
7
What is the thousands digit of 18274251?
4
What is the hundreds digit of 3919879?
8
What is the ten thousands digit of 229197?
2
What is the hundred thousands digit of 7592931?
5
What is the tens digit of 4124589?
8
What is the hundred thousands digit of 201505?
2
What is the thousands digit of 936380?
6
What is the units digit of 515706?
6
What is the tens digit of 4980203?
0
What is the units digit of 1242241?
1
What is the units digit of 1749740?
0
What is the units digit of 9417424?
4
What is the thousands digit of 308667?
8
What is the units digit of 311350?
0
What is the hundreds digit of 17282782?
7
What is the hundred thousands digit of 315735?
3
What is the thousands digit of 3622435?
2
What is the thousands digit of 195558?
5
What is the ten thousands digit of 1665914?
6
What is the ten thousands digit of 295024?
9
What is the units digit of 377871?
1
What is the thousands digit of 282062?
2
What is the ten thousands digit of 8241334?
4
What is the tens digit of 4368012?
1
What is the ten thousands digit of 698717?
9
What is the thousands digit of 91920?
1
What is the units digit of 18426807?
7
What is the ten thousands digit of 959864?
5
What is the hundreds digit of 335377?
3
What is the hundred thousands digit of 409778?
4
What is the tens digit of 7401671?
7
What is the units digit of 24168539?
9
What is the tens digit of 2078307?
0
What is the ten thousands digit of 12652371?
5
What is the millions digit of 1273874?
1
What is the hundred thousands digit of 206307?
2
What is the tens digit of 10224764?
6
What is the tens digit of 61537?
3
What is the hundred thousands digit of 3708360?
7
What is the ten millions digit of 11027654?
1
Wha